ctors of k(7)?
2
Let b(w) = w. Let a(d) = -2*d - 2. Let j(r) = -a(r) - 3*b(r). Let y be j(0). Suppose -2*f - n = -23, 6*f + n - 41 = y*f. What are the prime factors of f?
3
Let n = 196 - 109. Suppose -k = -p - 3*p + n, 5*k = -p + 48. Let o = -16 + p. What are the prime factors of o?
7
Suppose -d = -41 - 99. List the prime factors of d.
2, 5, 7
Let z(q) = q**3 - 2*q**2 - 5*q + 6. Suppose 4*m = 2*m + 8. What are the prime factors of z(m)?
2, 3
Let f = -20 - -28. What are the prime factors of f?
2
Suppose 4*s = -0*s + 32. What are the prime factors of s?
2
Let v(j) = -j**3 + 6*j**2 + 7*j + 2. Let w be v(7). Let f = -3 - -6. Let b = f + w. List the prime factors of b.
5
Let k(m) = -2*m**3 - 3*m**2 - m - 2. Let x be k(-2). Suppose 4*c + 99 = x*o + 31, -c = 3*o - 39. List the prime factors of o.
2, 7
Suppose 3*a + 9 = -2*x, x - 5*a = -2*x + 34. List the prime factors of (-2 + x)*(7 - 0).
7
Suppose 44 = 3*x - 4*p - 63, 0 = x - 5*p - 21. Suppose -5*u + x + 4 = 0. List the prime factors of u.
3
Let w(k) = -2*k - 5. Let i(p) = -p - 4. Let h be i(0). Let l be w(h). Suppose 8*m - 15 = l*m. List the prime factors of m.
3
Let s(j) = j**2 + 3*j + 4. Let n be s(-3). Let a be 637/(-14)*12/(-7). Suppose 0 = n*g + 26 - a. List the prime factors of g.
13
Let l(i) = -i**3 - 2*i**2 + 2*i + 3. Suppose -5*b - 20 = -5. Let c be l(b). Suppose 4 = f - c. List the prime factors of f.
2, 5
Suppose 3*w + w = 16. Suppose 4*l = -p + 60, -6*p = w*l - p - 60. What are the prime factors of l?
3, 5
Suppose 17 = -4*t + 1. Let z be (3 - t) + 4/2. Let y = 3 + z. What are the prime factors of y?
2, 3
Let b(v) = v**3 + 5*v**2 - 2*v - 2. Let i be b(-5). Let x be -5 - (1 + 0/1). Let p = x + i. List the prime factors of p.
2
Suppose 2*s + 3*b = 141, -5*s + 2*b + 149 = -213. Suppose 3*f + f + s = 0. Let v = f - -27. What are the prime factors of v?
3
What are the prime factors of 5/((-195)/(-3933)) - (-4)/26?
101
Suppose m - 7 = 14. What are the prime factors of m?
3, 7
Let v = 28 + -17. List the prime factors of v.
11
Let v be 2/(-4)*(-1 - 1). What are the prime factors of 6/4*4/v?
2, 3
Let k = 9 + -18. Let t(q) = q + 12. Let z be t(k). List the prime factors of -1 - (-9 - (-1 + z)).
2, 5
Let n = 24 - 13. Let f = -6 + n. What are the prime factors of f?
5
Let m(x) = -x**3 + 5*x**2 + 5*x + 7. Let g be m(6). List the prime factors of g + (0 - -3*11).
2, 17
Let m(c) = 8*c**3 + 2*c**2 + 5*c - 9. List the prime factors of m(2).
73
Suppose 2*c = -4*a + 4, -5*c = 5*a + 3 + 2. Suppose a*k - 4*k = -19. List the prime factors of k.
19
Let t = 189 - 126. List the prime factors of t.
3, 7
Suppose -29 = -t + 25. Suppose 6*g - t = 3*g. Suppose -20 = -2*p + g. List the prime factors of p.
19
What are the prime factors of (2/4)/(4/216)?
3
Suppose -j + 4 + 1 = 0. Suppose u - 4*q = -5*q + 3, u - j*q = 33. What are the prime factors of u?
2
Suppose -o = o + 110. List the prime factors of (264/o)/((-6)/40).
2
Let w be (-8)/5 + (-4)/10. Let r = 2 + w. Suppose 2*j + 2*j - 16 = r. What are the prime factors of j?
2
Let c be 0 + 6/(0 - 3). Let y = 8 - c. What are the prime factors of y?
2, 5
Suppose 287 = 5*w + 2*w. Suppose -p = -1 - w. What are the prime factors of p?
2, 3, 7
Let d = 28 - 24. List the prime factors of d.
2
Let c = 18 - 14. Suppose -c*h + 60 = h. List the prime factors of h.
2, 3
Suppose -5*v + 174 = -b - 60, -b = 5*v - 236. What are the prime factors of v?
47
Suppose -5*b + 150 = 5*t, 3*t - 52 = -2*b + 7. What are the prime factors of b?
31
What are the prime factors of -4*(-5)/20 + 59?
2, 3, 5
Let g(q) = q + 13. Let j = 0 - 0. Let a be g(j). List the prime factors of a - (3 + 2/(-1)).
2, 3
Suppose 5*t + h - 5*h - 583 = 0, -3*t + 363 = 2*h. What are the prime factors of t?
7, 17
Suppose -2*k = 5*x - 5*k - 5, 2 = 2*x - 2*k. Let q be ((-1)/x)/(-2 - -3). Let y(c) = -13*c - 1. List the prime factors of y(q).
2, 3
Suppose 10*r - 126 = 8*r. List the prime factors of r.
3, 7
Suppose 0 = 4*m - 5*k - 37, 5*k = 2*m - 40 + 9. Suppose t - 10 = -2*x, -2*t = 3*x + m*t - 15. Suppose -3*w + x*w - 6 = 0. List the prime factors of w.
3
Let o(b) = -2*b**2 + 10. List the prime factors of o(0).
2, 5
Let y be (-6)/3 - (0 - 1). Suppose 0*m - 75 = -3*m. List the prime factors of m/15 + y/(-3).
2
Let s(j) = -j + 21. What are the prime factors of s(9)?
2, 3
List the prime factors of (-3454)/(-12) + (-5)/(-30).
2, 3
Let w = -21 + 15. Let k = 14 + -6. Let p = w + k. What are the prime factors of p?
2
Let s be -1*(0 - (3 - 0)). Suppose -2*k = s*k - 15. List the prime factors of k.
3
Let d(f) = -2*f + 0*f + f**2 + 0*f**2. Let a be d(2). Suppose -n + 7 - 3 = a. What are the prime factors of n?
2
Let z be 12 - (-1)/((-1)/2). Suppose x + z = 5*c, -5*x + 19 = 3*c - 3*x. Suppose -h + c*h = 28. List the prime factors of h.
2, 7
Let i(y) = 2*y. Let m be i(-5). Let v(r) = -130 + 146 - r + 2*r. List the prime factors of v(m).
2, 3
Suppose f - 5*b + 24 = 4*f, -4*f + 4*b = 0. Suppose -3 - 12 = -f*d. List the prime factors of d.
5
Let t be 1/4 + 38/8. Suppose -2*j + 3*j + 10 = 3*h, h - t*j - 22 = 0. Suppose -9 + 1 = -h*m. What are the prime factors of m?
2
Let a(q) = -q**2 - 2. Let g = -3 - 0. Let v be a(g). Let h = v - -19. What are the prime factors of h?
2
Suppose 3*d + 6*f - 208 = 2*f, 132 = 2*d - 4*f. What are the prime factors of d?
2, 17
Let h = -9 + 15. Let x(u) = u**3 + 11*u**2 + 2. Let p be x(-11). Suppose 0 = s + p*s + 15, 0 = g + s - h. List the prime factors of g.
11
Let s(y) = -5*y**2 + 4 - y**3 + 0*y**2 - 1 + 6*y. Let h be s(-6). Suppose -4*t = h - 43. List the prime factors of t.
2, 5
Suppose 98 = 4*t - z, 5*z = -0*t - t + 35. List the prime factors of t.
5
Suppose 3*q + 525 = 3*y, -3*y + 5*q = -17 - 516. What are the prime factors of y?
3, 19
Let w = -5 - -13. Let h = w - 6. Suppose -b = -h*b + 3. List the prime factors of b.
3
Suppose 58*d = 54*d + 664. List the prime factors of d.
2, 83
Let u = -259 + 553. What are the prime factors of u?
2, 3, 7
Let l(o) be the second derivative of o**4/12 - 3*o**3/2 - 11*o**2/2 + o. What are the prime factors of l(12)?
5
Suppose 3*d - 6 = 0, 4*u - 2*u - 4*d = -6. Suppose 14 = 3*b - u. List the prime factors of b.
5
Suppose -5*j - 2 = -22. Let k = -10 + j. Let i = 1 - k. What are the prime factors of i?
7
Let b be (-1)/(-2)*-2*-6. Suppose 3*d = -4*l + 2, 2*l - 5 - 9 = 5*d. Let z = b + d. List the prime factors of z.
2
Let m(n) = -2 + 0 + 0 + 2*n - 6. What are the prime factors of m(7)?
2, 3
Suppose 0 = 5*w + 4*f + 1, 3*w - 2*w - f - 7 = 0. List the prime factors of w.
3
Suppose -5*k = -8*k + 69. List the prime factors of 2*k + (0 - -4).
2, 5
Let w be -27 + 0 - (-3 - -5). Let p be w/((-1)/2*-2). Let z = -21 - p. What are the prime factors of z?
2
Suppose 0 = 4*d + 45 - 5. List the prime factors of d*((-1)/2 + -1).
3, 5
Let z(i) = -i**3 - i**2 + 3. Let p be z(0). What are the prime factors of 1/p - (-47)/3?
2
Let v(o) = 2*o**2 - 4*o + 3. Suppose 0 = 2*q - s - 12, -3*s = -2*q + 5*q. Suppose q*h - 9 = h. List the prime factors of v(h).
3
Let o = 75 + -23. List the prime factors of o.
2, 13
Let k(f) = f + 3. Let c be k(-3). What are the prime factors of 22 + 0/(c - -1)?
2, 11
Let u = -4 + 1. Let m = 0 - 1. List the prime factors of (u - -2)/(m/12).
2, 3
Let l(u) = u + 33. List the prime factors of l(0).
3, 11
List the prime factors of 4*(-1 + -3 + 8).
2
Suppose 3*s - 4*g + 16 = 7*s, -2*s + 4*g - 4 = 0. Let x(h) = -3*h - 2. Let m be x(s). Let r = -4 - m. List the prime factors of r.
2
Let z be (4 - -14)*1/2. Let s = -6 + z. Suppose s*q + 5*w - 42 = 2*w, -5*q + 70 = -4*w. What are the prime factors of q?
2, 7
Suppose -43 + 208 = 5*d. List the prime factors of d.
3, 11
List the prime factors of ((5 - 4)*1)/((-3)/(-219)).
73
Let k be 5/(15/(-36)) + 1. Let p = k - -23. List the prime factors of p.
2, 3
Let o = -51 + 75. List the prime factors of o.
2, 3
Suppose 2*p + p - 33 = 0. Let m = -7 + p. Suppose m*o - 34 = 2. List the prime factors of o.
3
Suppose 0 = 4*m + 2*l - 136, 5*l = 2*m - 0*l - 44. List the prime factors of m.
2
Let q = 76 - 45. List the prime factors of q.
31
Suppose 2*k + 2*k - 24 = 0. Let r = 11 - k. What are the prime factors of r?
5
Suppose -1 = 4*f + 3*g, 3*g + g = 4*f - 20. Suppose -j + f*j = 14. List the prime factors of j.
2, 7
Let n be ((-12)/(-15))/((-2)/(-5))